= j - 20, -j = -5*d + 112. What is the units digit of d?
2
Let g(q) = -q**3 - 12*q**2 - 13*q - 15. Let x be g(-11). Suppose 0 = -m - 4 + x. Suppose t - m*t + 4 = 0. What is the units digit of t?
2
Let r = 391 - 234. What is the units digit of r?
7
Let x = 11 - 4. Let i = 9 - x. What is the units digit of 1/i + (-2)/(-4)?
1
Suppose -5*u + 0*u = -80. What is the tens digit of u?
1
Let j = 30 + 23. What is the tens digit of j?
5
Let q be ((-8)/(-6))/(8/12). Let j(l) = 0*l - 1 - l**2 + 2*l + 2*l. What is the units digit of j(q)?
3
Suppose 0 = 3*u - 5*i - 424, -u + 139 = -i - 3. What is the hundreds digit of u?
1
Let y = -9 + 12. Suppose 0*d + y*b = 3*d, b = -4*d + 20. What is the units digit of d?
4
Suppose 12 = -3*d, 3*f + 5*d = 2*f - 24. Let y = f - -8. Suppose y*j = -0*j + 8. What is the units digit of j?
2
Suppose -5*o + 35 - 155 = 0. Let a be ((-4)/8)/((-2)/o). What is the units digit of (-54)/(-10) - a/(-15)?
5
Suppose -85 = -2*d - 3*a, d + 5*a = 5 + 34. What is the tens digit of d?
4
Suppose 0 = -4*j + 18 - 6. Let b be 9/4 + j/4. Suppose -2*a + b = -a. What is the units digit of a?
3
Suppose -l + 0*l - 53 = 0. Let o = -29 - l. What is the units digit of o?
4
Let g(q) = q - 10. Let a be g(15). Suppose a*j + 0 = 4*r - 31, -j + 13 = 4*r. What is the units digit of r?
4
Suppose -2*l = 2*l - 12. Suppose 2*h + l*h = 20. What is the units digit of h?
4
Let i(r) = -r**3 - 2*r**2 - 6*r + 6. What is the hundreds digit of i(-5)?
1
Suppose 5*t - 4*h - 99 = -3*h, 111 = 5*t - 4*h. What is the tens digit of t?
1
Suppose 2*c + 10 = -3*c. What is the tens digit of (c - (-3)/1) + 24?
2
Let t(x) = 3*x**2 + 2*x + 1. Let o be t(3). Suppose -2*g + o = -0*g. Suppose g - 7 = 5*l. What is the units digit of l?
2
Suppose 201 = 5*s - 54. What is the units digit of s?
1
Let t = 36 + 12. What is the tens digit of t?
4
Suppose -3*c + r + 9 = -11, -2*r = -4*c + 28. Let d(p) = -p**2 + 5*p + 6. Let x be d(8). What is the units digit of c/8 - x/8?
3
Suppose 0*g + 3*g = 12. Suppose 0*m = g*m + 28. Let c(n) = -n - 6. What is the units digit of c(m)?
1
What is the units digit of (5/(-10))/((-4)/192)?
4
Let b(m) = m + 8. Let x be b(-6). Let r(f) = f**3 - f**2 + f + 3. Let j be r(3). Suppose -3 = -l + u + 11, -x*u + j = 2*l. What is the units digit of l?
3
Suppose 6*q + 9 = 5*q. Let w be 12/(-9) + 6/q. What is the units digit of 5/w*80/(-25)?
8
Suppose r - 2 = 0, 2*k - 81 = k - r. What is the units digit of k?
9
Suppose 3*i = -6, 3*s - 4*s + 358 = 3*i. What is the units digit of s?
4
Let p be (0 - 36*1)/(-1). Suppose p + 2 = 2*m. What is the units digit of m?
9
Let l(z) = z**3 + 15*z**2 - 21*z - 15. What is the tens digit of l(-16)?
6
Let m(p) be the second derivative of -p**7/2520 + p**6/72 - p**5/20 + p**4/12 - p. Let s(i) be the third derivative of m(i). What is the units digit of s(9)?
3
Let h(c) = 2*c + 11. Suppose -2*p + 5 = -9. What is the units digit of h(p)?
5
Let c = -1 - 0. Let n = 11 - c. Suppose -b + n = 2*b. What is the units digit of b?
4
What is the units digit of 82 - (1 - 6 - -1)?
6
Let i(j) = -j + 14. Let r be i(9). Let h = r - 9. Let k(a) = -a + 5. What is the units digit of k(h)?
9
Let t be 2/3 + (-278)/(-6). Suppose -1 + 22 = 2*n - s, -4*n + t = -s. Let i = n - 9. What is the units digit of i?
4
Let d(w) = w + 2. Let m be d(0). What is the units digit of (38/(-4))/(m/(-4))?
9
Let y = 763 - 520. What is the hundreds digit of y?
2
Let z be (105/6)/(-5)*2. What is the units digit of 2 + 7/(z/(-6))?
8
Let l(v) = v**3 + 5*v**2 - 5. Let c be l(-5). Let m = c - 2. Let s = -6 - m. What is the units digit of s?
1
Let q be (-4)/10*(-74 - 1). Let n = -20 + q. Suppose t + 4*t = n. What is the units digit of t?
2
Let t(b) = -b + 4. Let m be t(2). Suppose -4*y = 3*f - 62, m*y + 4*f = 5*y - 59. What is the units digit of y?
7
Suppose -3 = -y - 1, -2*d + 3*y = -2. Suppose -30 = -d*s + s. What is the units digit of s?
0
Suppose -z = -27 + 6. What is the units digit of (-2)/(-7) - (-57)/z?
3
Let h = 15 - 8. Suppose 0 = f - h - 7. What is the tens digit of f?
1
Let g(v) = v**3 - v**2 - v - 2. Let t be g(2). Suppose 63 - 11 = 5*k + c, 2*k + c - 22 = t. What is the tens digit of k?
1
Let z(y) = 5*y**2 + y. Let t be z(1). Let b = t + -14. Let x = -6 - b. What is the units digit of x?
2
Suppose 5*g - 1 = 3*l, -5*g = -1 - 24. Let v = -6 + l. What is the units digit of v?
2
Suppose n + 4*z = 8, -4*n - 68 = z - 5*z. Let j = 23 + n. What is the tens digit of j?
1
Let b(z) = z + 2. Let p be b(2). Suppose 0 = -c - 2*j - 2, 3*c - j = -6*j - p. Suppose s - c*s = -1. What is the units digit of s?
1
Suppose r = -3*p + 74 + 158, 5*r - 1160 = -p. Suppose 5*j - 3*f - r = 0, 0 = -j - 0*j - 2*f + 49. What is the units digit of j?
7
Suppose -f = -4*j + 554, 5*j = 2*f - 242 + 936. What is the units digit of j?
8
Suppose 0 = 2*i - 0*i - 6. Let v be 40*i*(-1)/(-4). Suppose -m = -4*m + v. What is the units digit of m?
0
What is the tens digit of -10 + 18 + (3 - 1)?
1
Let p = -2 - 0. Let n be (p - -3 - 2) + 21. Let j = n + -13. What is the units digit of j?
7
Let h = 3 - 2. Let v = 8 + h. What is the units digit of v?
9
Suppose -v = -3*v - 4*n + 16, 2*n = -5*v. Let s = 5 - v. What is the units digit of s?
7
Suppose 2*v = -3*v - 4*l + 35, 2*v + 4*l = 2. What is the units digit of v?
1
Suppose 0 = 4*i - 98 - 118. What is the tens digit of i?
5
What is the tens digit of 10/4*(-52)/(-2)?
6
Let y(z) = z**2 + 2*z - 5. Let j be y(4). Let n = -12 + j. Let r(i) = i + 4. What is the units digit of r(n)?
1
Let l = -93 - -193. Let z = -67 + l. What is the units digit of z?
3
Let p(a) = -a**3 - 3*a**2 + a - 5. Let x be p(-4). Suppose -4*f + 1 = -x. Suppose -8 = j - f*j. What is the units digit of j?
8
Let k = 17 - 5. Suppose -3*r - 3 = -k. Let g(i) = -i**3 + 4*i**2 - 3*i + 1. What is the units digit of g(r)?
1
Let x(c) = -17*c - 66. What is the units digit of x(-15)?
9
Let m = 0 - -4. Suppose 7 = m*g + 3. What is the units digit of g?
1
Let q = 16 - 11. Suppose u + 4 = 4*y + 5*u, -q*u = -y + 31. Let c = -4 + y. What is the units digit of c?
2
Suppose 4*d = -2*d + 306. What is the units digit of d?
1
Suppose 5*z = 3*y + 76, 0*y = 3*z + 2*y - 57. What is the tens digit of z?
1
Suppose 3*q - 1142 + 110 = 0. What is the units digit of q?
4
Let l(o) = -25*o + 76. What is the units digit of l(-6)?
6
Let o = 31 + -22. What is the units digit of o?
9
Suppose 26*y - 22*y = 280. What is the tens digit of y?
7
Let z be (2 - 2)/((-8)/2). Suppose 0 = -z*x - 3*x + 18. What is the units digit of x?
6
Let z = -49 + 161. What is the hundreds digit of z?
1
Suppose 4*b + 5*v - 23 = -0*b, 2*b - 13 = -v. Let h be (-4)/20 - 22/(-10). What is the units digit of (-2 + b)/(2/h)?
5
What is the units digit of 35/(-14)*(-2)/5?
1
Let m be 2/(-6) + (-65)/(-15). Let c = m - 1. Suppose 3*x - 18 = -3*t, 2*x + c*t - 5*t - 24 = 0. What is the units digit of x?
9
Let t = 1 + -17. Let u(s) = s**2 + 6*s + 2. Let q be u(-5). What is the units digit of q/2*t/12?
2
Suppose -5*a - 4*p = -2*a - 50, 2 = p. What is the tens digit of a?
1
Let m(q) = -6*q**3 + q**2 + 3*q + 2. What is the tens digit of m(-2)?
4
What is the hundreds digit of (-392 - 16/(-4))/(-2)?
1
Let i = -77 + 177. What is the tens digit of i?
0
Let m be (-4 - (-4 + 0)) + -12. What is the units digit of 18/m - (-150)/4?
6
Suppose -51 = 2*z - v, -z + 2*v - 129 = 4*z. Let y = z - -47. What is the units digit of y?
0
Let l(t) = t**2 - 2*t - 1. Let w be (4 - 3) + (-1 - -2). Let y(p) = -3*p**2 + 3*p + 3. Let a(s) = w*y(s) + 5*l(s). What is the units digit of a(-2)?
5
Suppose -n - 3 = -2*n. Suppose 2*l = v + 8, -14 = v - n*l - 1. Suppose -7*k + v*k + 25 = 0. What is the units digit of k?
5
Let y(d) = -d**2 - 12*d + 9. Let n be y(-12). Suppose t = 4 + n. What is the tens digit of t?
1
Let q be (-3)/6 - (-33)/6. Suppose 2*v = q - 1. Suppose v*z = 2*o - 22, -2*o - 2*z + 20 = -3*z. What is the units digit of o?
9
Let x be 0 + 8*(-3 + 2). Let l = x + 12. What is the units digit of l?
4
Let f = 69 + -47. Suppose x = -x + f. What is the units digit of x?
1
Suppose -2*a + 71 - 19 = 0. Let x = a - 11. What is the units digit of x?
5
What is the tens digit of 2 - (92*-2 + 0)?
8
Let y(v) = 6*v**2 + 4*v - 5. Let w(l) = -7*l**2 - 3*l + 6. Let d(x) = -5*w(x) - 6*y(x). What is the units digit of d(-7)?
4
Wh